{"id":216,"date":"2025-05-31T15:11:42","date_gmt":"2025-05-31T13:11:42","guid":{"rendered":"https:\/\/thibaudflury.fr\/?page_id=216"},"modified":"2025-06-05T21:34:13","modified_gmt":"2025-06-05T19:34:13","slug":"des-trails-et-des-hommes","status":"publish","type":"page","link":"https:\/\/thibaudflury.fr\/?page_id=216","title":{"rendered":"Des trails et des hommes"},"content":{"rendered":"\t\t<div data-elementor-type=\"wp-page\" data-elementor-id=\"216\" class=\"elementor elementor-216\">\n\t\t\t\t<div class=\"elementor-element elementor-element-4f7554ee e-flex e-con-boxed e-con e-parent\" data-id=\"4f7554ee\" data-element_type=\"container\">\n\t\t\t\t\t<div class=\"e-con-inner\">\n\t\t\t\t<div class=\"elementor-element elementor-element-1b69860 elementor-widget elementor-widget-heading\" data-id=\"1b69860\" data-element_type=\"widget\" data-widget_type=\"heading.default\">\n\t\t\t\t<div class=\"elementor-widget-container\">\n\t\t\t\t\t<h2 class=\"elementor-heading-title elementor-size-default\">Des trails et des hommes<\/h2>\t\t\t\t<\/div>\n\t\t\t\t<\/div>\n\t\t\t\t<div class=\"elementor-element elementor-element-8a56580 elementor-widget elementor-widget-text-editor\" data-id=\"8a56580\" data-element_type=\"widget\" data-widget_type=\"text-editor.default\">\n\t\t\t\t<div class=\"elementor-widget-container\">\n\t\t\t\t\t\t\t\t\t<p class=\"p1\"><span style=\"font-family: 'Crimson Pro'; font-size: 18px;\">\u00ab\u00a0Dessine-moi un <i>Ultra-Trail<\/i>\u00a0! demanda le petit prince en levant le nez de son t\u00e9l\u00e9phone.\u00a0\u00bb<\/span><\/p>\n<p class=\"p1\"><span style=\"font-family: 'Crimson Pro'; font-size: 18px;\">Vite, je dois profiter de ces quelques minutes d\u2019attention pour expliquer ma passion avant qu\u2019il ne replonge dans les r\u00e9seaux sociaux. \u00c7a l\u2019interpelle ces noms qui claquent, en anglais, il a d\u00fb voir \u00e7a dans une story <i>Instagram<\/i>. Je partirai de l\u00e0.<\/span><\/p>\n<p class=\"p1\"><span style=\"font-family: 'Crimson Pro'; font-size: 18px;\">Le francophone souffre d\u2019une allergie \u00e0 sa langue. Il passe son temps \u00e0 piquer des mots \u00e0 nos cousins de l\u2019autre c\u00f4t\u00e9 de la <i>Manche<\/i> ou de <i>l\u2019Atlantique<\/i>. Et les mots passent de mode. Gamin, le terme <i>jogging<\/i> avait d\u00e9j\u00e0 perdu sa superbe. On le r\u00e9servait aux mamies et aux ventripotents dans leur qu\u00eate d\u2019une activit\u00e9 physique minimale. Ceux qu\u2019on croisait justement dans des tenues de <i>jogging<\/i> multicolores \u00e0 trottiner une dizaine de minutes le long du lac.<\/span><\/p>\n<p class=\"p1\"><span style=\"font-family: 'Crimson Pro'; font-size: 18px;\">On parlait de <i>footing<\/i> \u00e0 l\u2019\u00e9poque. J\u2019emploie encore le terme aujourd\u2019hui, \u00e7a me cat\u00e9gorise parmi les <i>boomers<\/i>. Je dois l\u2019accepter \u00e0 mesure que la cinquantaine se rapproche. <i>Footing<\/i> commence par un F, comme flemme, fatigue ou facilit\u00e9. Pour moi, le mot se classe en antonyme de la performance. \u00c0 l\u2019instar du brossage de dent, je le pratique comme une hygi\u00e8ne du corps. Ni un d\u00e9fi, ni une s\u00e9ance qui me fera progresser, j\u2019enquille des heures pour respecter mon volume hebdomadaire.<\/span><\/p>\n<p class=\"p1\"><span style=\"font-family: 'Crimson Pro'; font-size: 18px;\">Si j\u2019\u00e9coute les influenceurs <i>Instagram<\/i>, on parle d\u00e9sormais de <i>running<\/i>. On part faire un <i>run<\/i>. <i>Runner<\/i> risque devenir un verbe du premier groupe, je <i>runne<\/i>, tu <i>runnes<\/i>\u2026 Je n\u2019arrive pas \u00e0 prendre ce tic de langage, mon c\u00f4t\u00e9\u00a0daron me fait pr\u00e9f\u00e9rer \u00ab\u00a0course \u00e0 pied\u00a0\u00bb.<\/span><\/p>\n<p class=\"p1\"><span style=\"font-family: 'Crimson Pro'; font-size: 18px;\">Dans les m\u00e9dias mainstream, le terme et la pratique du <i>trail<\/i> ou <i>trail-running<\/i> prennent le devant de la sc\u00e8ne. Outre les consid\u00e9rations linguistiques, le <i>trail<\/i> demeure la plus vieille activit\u00e9 de l\u2019homme. Dans notre pass\u00e9 lointain de chasseur-cueilleur, la cueillette ne se posait pas en probl\u00e9matique sportive. Les fruits, les champignons et autres plantes ne courent pas tr\u00e8s vite.<\/span><\/p>\n<p class=\"p1\"><span style=\"font-family: 'Crimson Pro'; font-size: 18px;\">La chasse, c\u2019est plus compliqu\u00e9. Les animaux n\u2019ont pas sp\u00e9cialement envie de se laisser boulotter. Le plus souvent, ils courent, volent, galopent plus vite que nous. Malgr\u00e9 tout, les mill\u00e9naires ont vu les <i>Homo Sapiens<\/i> survivre et prosp\u00e9rer. Nous avions un atout dans notre manche face au reste du monde animal, la pratique du <i>Trail-Running<\/i>\u00a0!<\/span><\/p>\n<p class=\"p1\"><span style=\"font-family: 'Crimson Pro'; font-size: 18px;\">D\u00e8s que l\u2019on cause endurance, le match est pli\u00e9. Les animaux se fatiguent avant nous. La chasse devient une affaire de patience pour suivre, longtemps, tr\u00e8s longtemps, sa proie. Sans oublier que, depuis la nuit des temps, les m\u00e2les courent apr\u00e8s les femelles, quand ce n\u2019est pas l\u2019inverse. Avec les ann\u00e9es nous avons accumul\u00e9 de l\u2019exp\u00e9rience et les sp\u00e9cimens en mesure de se reproduire ont transmis leurs g\u00e8nes de marathoniens. La s\u00e9lection naturelle a fait son boulot, les sp\u00e9cimens inaptes ont perdu au grand jeu de l\u2019\u00e9volution. En tant qu\u2019esp\u00e8ce, nous sommes devenus de plus en plus bal\u00e8zes.<\/span><\/p>\n<p class=\"p1\"><span style=\"font-family: 'Crimson Pro'; font-size: 18px;\">Sur l\u2019autre rive de l\u2019Atlantique, le mot \u00ab\u2009<i>trail<\/i>\u2009\u00bb d\u00e9signe un chemin ou un sentier. Au pal\u00e9olithique, les collectivit\u00e9s territoriales n\u2019avaient pas encore daign\u00e9 baliser les sentiers. Un scandale, d\u2019autant plus que le r\u00e9seau <i>GPS<\/i> ne fonctionnait pas au mieux. Nos anc\u00eatres suivaient alors un balisage bien plus pr\u00e9cis pour ceux qui savaient reconna\u00eetre les traces subtiles de leurs proies. Une trace de sabot dans la boue, des herbes couch\u00e9es, une touffe de poils accroch\u00e9s \u00e0 un buisson valent bien une paire de traits rouges et blancs.<\/span><\/p>\n<p class=\"p1\"><span style=\"font-family: 'Crimson Pro'; font-size: 18px;\">Dans toute tribu, on trouvait un cancre, plus occup\u00e9 \u00e0 se gaver de viande de mammouth que de lui courir apr\u00e8s. Ces inaptes ont surv\u00e9cu en faisant fonctionner d\u2019autres genres de muscles. Le dicton nous rappelle que \u00ab\u00a0Quand on n\u2019a pas les jambes, on a la t\u00eate\u00a0\u00bb. \u00c9tait-ce l\u2019inverse\u00a0?<\/span><\/p>\n<p class=\"p1\"><span style=\"font-family: 'Crimson Pro'; font-size: 18px;\">Ces petits malins ont donc fait chauffer leur cervelle hypertrophi\u00e9e pour m\u00e9riter leur place dans la soci\u00e9t\u00e9. Ils ont commenc\u00e9 par inventer la lance. Ils se fatiguaient moins \u00e0 jeter un b\u00e2ton qu\u2019\u00e0 galoper pendant des heures. Trop sportif\u00a0d\u2019arriver \u00e0 port\u00e9e de lance\u00a0? Ils ont d\u00e9velopp\u00e9 diverses variantes d\u2019arcs et de fl\u00e8ches, des frondes et autres inventions pour \u00e9viter d\u2019avoir \u00e0 courir. Tout derni\u00e8rement, les fain\u00e9ants ont eu l\u2019id\u00e9e brillante de capturer et d\u2019enfermer les animaux derri\u00e8re des cl\u00f4tures, de s\u2019assurer leur reproduction, de pr\u00e9lever les bambins les plus app\u00e9tissants. Ah\u00a0! voil\u00e0 un moyen d\u2019arr\u00eater de transpirer. Petit \u00e0 petit, les chasseurs s\u2019\u00e9teignirent, remplac\u00e9s par des inventeurs. Et puis, ce truc du nomadisme, beaucoup s\u2019en plaignaient. Avec une bonne maison \u00e0 chauffer l\u2019hiver, un canap\u00e9 pour profiter de <i>Netflix<\/i>, la modernit\u00e9 pouvait commencer.<\/span><\/p>\n<p class=\"p1\"><span style=\"font-family: 'Crimson Pro'; font-size: 18px;\">Le <i>Trail-Running<\/i> ne s\u2019imposait plus comme une question de survie pour l\u2019esp\u00e8ce, mais \u00e7a pouvait encore servir. Le premier <i>trailer<\/i> dont l\u2019humanit\u00e9 a gard\u00e9 la trace vivait du c\u00f4t\u00e9 de la Gr\u00e8ce antique. Un certain <i>Philippid\u00e8s<\/i> courait sans dossard, une sortie en OFF de <i>Marathon<\/i> \u00e0 <i>Ath\u00e8nes<\/i>. La l\u00e9gende raconte qu\u2019il se serait effondr\u00e9 sur la ligne d\u2019arriv\u00e9e, la faute \u00e0 un entra\u00eenement inadapt\u00e9. On ne s\u2019improvise pas \u00e0 subir quarante bornes comme \u00e7a.<\/span><\/p>\n<p class=\"p1\"><span style=\"font-family: 'Crimson Pro'; font-size: 18px;\">En d\u00e9pit de la s\u00e9dentarit\u00e9, l\u2019humanit\u00e9 a continu\u00e9 de r\u00eaver de course \u00e0 pied. Le sport devenait loisir. Le monde des amateurs de sport se divise en deux cat\u00e9gories. Les pratiquants et les croyants. La deuxi\u00e8me esp\u00e8ce commente les exploits de la premi\u00e8re en mangeant des pizzas et en buvant de la bi\u00e8re. Pour galoper apr\u00e8s un ballon ou sauter dans un bac \u00e0 sable, c\u2019est facile. Le \u00ab\u00a0<i>running<\/i>\u00a0\u00bb se pr\u00eate moins au spectacle. Le <i>trail<\/i> se commente mal, sans cam\u00e9ra ni radio. Sur le chemin, on aper\u00e7oit son favori une poign\u00e9e de secondes avant qu\u2019il ne disparaisse \u00e0 l\u2019horizon. L\u2019exp\u00e9rience se r\u00e9v\u00e8le d\u00e9cevante.<\/span><\/p>\n<p class=\"p1\"><span style=\"font-family: 'Crimson Pro'; font-size: 18px;\">Les Grecs n\u2019en sont pas \u00e0 une invention farfelue. Ils avaient bien cern\u00e9 le probl\u00e8me, et trouv\u00e9 une solution.<\/span><\/p>\n<p class=\"p1\"><span style=\"font-family: 'Crimson Pro'; font-size: 18px;\">Pourquoi courir en ligne droite, si l\u2019on peut tourner en rond\u00a0? Alors, ils ont construit de grands ovales dans leurs cit\u00e9s. L\u2019ovale, c\u2019est bien pratique pour voir des athl\u00e8tes se bagarrer dans les lignes droites. Les virages permettent de boucler un circuit et d\u2019encha\u00eener les kilom\u00e8tres pour fatiguer la b\u00eate. Et puis, avec un ovale, on place plus de gradins, on fait rentrer plus de spectateurs, on collecte plus de pognon. Apr\u00e8s avoir invent\u00e9 la philosophie et les math\u00e9matiques, les Grecs s\u2019int\u00e9ressaient \u00e0 l\u2019\u00e9conomie du show-business. Les stades ont surv\u00e9cu aux \u00e2ges des t\u00e9n\u00e8bres tandis que les math\u00e9matiques et la philosophie tombaient dans l\u2019oubli.<\/span><\/p>\n<p class=\"p1\"><span style=\"font-family: 'Crimson Pro'; font-size: 18px;\">Tous les sportifs n\u2019affichaient pas un grand enthousiasme, \u00e0 se voir emprisonn\u00e9s dans un stade. Nos <i>trailers<\/i> avaient troqu\u00e9 leurs sentiers sauvages contre de la terre battue, l\u2019horizon contre des tribunes de spectateurs. Ils r\u00eavaient de s\u2019\u00e9chapper. En exhumant les souvenirs des jeux de la Gr\u00e8ce antique, les organisateurs de spectacle ont codifi\u00e9 des \u00e9preuves dites hors-stade. Notamment la promenade du brave <i>Philippid\u00e8s<\/i>, le <i>marathon<\/i> \u00e9tait n\u00e9.<\/span><\/p>\n<p class=\"p1\"><span style=\"font-family: 'Crimson Pro'; font-size: 18px;\">Parmi les coureurs, on distingue des castes. D\u2019un c\u00f4t\u00e9, les jeunes, explosifs et flamboyants qui continuent de faire vibrer les foules dans les stades. Leur discipline c\u2019est l\u2019athl\u00e9tisme, dont la course \u00e0 pied n\u2019est qu\u2019une facette. Fiers, ils se font appeler athl\u00e8tes. Ils se moquent un peu de leurs a\u00een\u00e9s et de leur course sur route avec leurs \u00e9preuves de dix, vingt ou quarante kilom\u00e8tres. Au milieu de cette gu\u00e9guerre st\u00e9rile, les <i>trailers<\/i> ne sont pas satisfaits. Ils n\u2019aiment pas le bitume, pas plus que la terre battue ou le tartan. \u00c0 l\u2019or\u00e9e du dernier mill\u00e9naire, ils ont impos\u00e9 leur passion pour la nature. Le <i>Trail-Running<\/i> ressuscite sous l\u2019impulsion d\u2019une bande de hippies aux jambes muscl\u00e9es. Un succ\u00e8s interplan\u00e9taire du grand \u00e9cran nous a montr\u00e9 un simple d\u2019esprit, parti courir pendant trois ans pour soigner un chagrin d\u2019amour. Le grand public a aim\u00e9 \u00e7a.<\/span><\/p>\n<p class=\"p1\"><span style=\"font-family: 'Crimson Pro'; font-size: 18px;\">Un m\u00e9chant virus est venu paralyser la plan\u00e8te. On craignait la bombe atomique, on a chop\u00e9 un rhume. Pour \u00e9chapper au marasme citadin d\u2019un appartement confin\u00e9, les citoyens du monde ont retrouv\u00e9 quelque chose. Le plaisir de profiter des sentiers, le bonheur de d\u00e9passer ses limites et d\u2019aller toujours plus loin. Certains ont m\u00eame d\u00e9laiss\u00e9 leurs pizzas et leurs bi\u00e8res pour aller jouer dans la nature. L\u2019humanit\u00e9 a retrouv\u00e9 ses racines pal\u00e9olithiques. Sans pour autant zigouiller des animaux. On appelle \u00e7a le progr\u00e8s.<\/span><\/p>\n<p class=\"p1\"><span style=\"font-family: 'Crimson Pro'; font-size: 18px;\">Les comp\u00e9titions de <i>trail<\/i> ont fleuri partout sur la plan\u00e8te, dans les plaines et les for\u00eats, au bord de la mer ou au sommet des montagnes. C\u2019est plus joli qu\u2019un ovale en plastique ou un ruban d\u2019asphalte. On trouve \u00e9galement des <i>trails<\/i> dans les villes, affectueusement nomm\u00e9s <i>Urban Trail<\/i>. Les organisateurs doivent m\u2019expliquer o\u00f9 on peut trouver des sentiers dans l\u2019environnement urbain, mais apr\u00e8s tout, pourquoi pas\u00a0? Voil\u00e0 une mani\u00e8re originale de d\u00e9couvrir la ville. Parcourir les ruelles dans une ambiance cr\u00e9pusculaire apporte sa magie \u00e0 un univers de b\u00e9ton, d\u2019acier et de verre.<\/span><\/p>\n<p class=\"p1\"><span style=\"font-family: 'Crimson Pro'; font-size: 18px;\">Dans la grande m\u00e9nagerie des <i>trails<\/i> on trouve des parcours d\u00e9sesp\u00e9r\u00e9ment plats. Tandis que d\u2019autres, encha\u00eenent les centaines de m\u00e8tres de d\u00e9nivel\u00e9, en mont\u00e9e ou en descente, des chemins tant\u00f4t simples et larges, tant\u00f4t techniques et encombr\u00e9s de racines et de rochers. Parfois, on doit mettre les mains, se tenir \u00e0 des c\u00e2bles, r\u00e9sister \u00e0 la tentation du vide.<\/span><\/p>\n<p class=\"p1\"><span style=\"font-family: 'Crimson Pro'; font-size: 18px;\">Loin de la piste aseptis\u00e9e, des milliers de param\u00e8tres influencent les r\u00e9sultats d\u2019une comp\u00e9tition de <i>trail<\/i>. Le nombre de pentes, leurs longueurs et leurs inclinaisons, les cailloux et autres racines, la largeur du sentier, la m\u00e9t\u00e9orologie du jour, l\u2019\u00e2ge du capitaine\u2026<\/span><\/p>\n<p class=\"p1\"><span style=\"font-family: 'Crimson Pro'; font-size: 18px;\">On a pr\u00e9f\u00e9r\u00e9 mesurer les trucs faciles, la distance totale et le d\u00e9nivel\u00e9 cumul\u00e9. Les deux valeurs tapent la m\u00eame unit\u00e9 physique, le m\u00e8tre, mais ne se ressemblent pas. Nos petits neurones de sportifs sans cervelle ne comprennent pas bien ce m\u00e9lange contre nature entre des m\u00e8tres pour le d\u00e9nivel\u00e9 et des kilom\u00e8tres pour la distance.<\/span><\/p>\n<p class=\"p1\"><span style=\"font-family: 'Crimson Pro'; font-size: 18px;\">J\u2019imagine la sc\u00e8ne devant la machine \u00e0 caf\u00e9 alors que deux copains se racontent leurs sorties du week-end. Le premier avait couru un marathon et se moquait de la sortie en montagne du deuxi\u00e8me, une vingtaine de kilom\u00e8tres seulement en passant par un beau sommet. Son comparse, vex\u00e9, lui a r\u00e9pondu, vertement, que la mont\u00e9e, c\u2019\u00e9tait dix fois plus dur que de trottiner sur le plat. Le concept de <i>Kilom\u00e8tre-Effort<\/i> \u00e9tait n\u00e9.<\/span><\/p>\n<p class=\"p1\"><span style=\"font-family: 'Crimson Pro'; font-size: 18px;\">Pour estimer la difficult\u00e9 d\u2019une course, on additionne la longueur \u00e0 plat et la hauteur accumul\u00e9e que l\u2019on multiplie par dix. Ainsi, la sortie de vingt kilom\u00e8tres et de deux mille m\u00e8tres de d\u00e9nivel\u00e9 repr\u00e9sente quarante <i>kilom\u00e8tres-effort<\/i>, autant que le marathon du coll\u00e8gue pr\u00e9tentieux. Rien de rigoureux, mais la m\u00e9thode donne un ordre d\u2019id\u00e9es utile au pratiquant amateur. Un seul chiffre pour les comparer tous et dans les t\u00e9n\u00e8bres de souffrance les lier.<\/span><\/p>\n<p class=\"p1\"><span style=\"font-family: 'Crimson Pro'; font-size: 18px;\">J\u2019ai perdu le petit prince. Il est retourn\u00e9 \u00e0 ses r\u00e9seaux sociaux. Je n\u2019avais pas termin\u00e9 mon dessin d\u2019un <i>Ultra-Trail<\/i>. Je voulais lui parler de l\u2019int\u00e9r\u00eat tout particulier que j\u2019y trouve, du monstre qui se cache derri\u00e8re le sobriquet \u00ab\u00a0Ultra\u00a0\u00bb. J\u2019attendrai que sa batterie se vide pour continuer mon histoire.<\/span><\/p>\t\t\t\t\t\t\t\t<\/div>\n\t\t\t\t<\/div>\n\t\t\t\t\t<\/div>\n\t\t\t\t<\/div>\n\t\t\t\t<\/div>\n\t\t","protected":false},"excerpt":{"rendered":"<p>Des trails et des hommes \u00ab\u00a0Dessine-moi un Ultra-Trail\u00a0! demanda le petit prince en levant le nez de son t\u00e9l\u00e9phone.\u00a0\u00bb Vite, je dois profiter de ces quelques minutes d\u2019attention pour expliquer ma passion avant qu\u2019il ne replonge dans les r\u00e9seaux sociaux. \u00c7a l\u2019interpelle ces noms qui claquent, en anglais, il a d\u00fb voir \u00e7a dans une [&hellip;]<\/p>\n","protected":false},"author":2,"featured_media":0,"parent":0,"menu_order":0,"comment_status":"closed","ping_status":"closed","template":"","meta":{"_monsterinsights_skip_tracking":false,"_monsterinsights_sitenote_active":false,"_monsterinsights_sitenote_note":"","_monsterinsights_sitenote_category":0,"footnotes":""},"class_list":["post-216","page","type-page","status-publish","hentry","entry"],"_links":{"self":[{"href":"https:\/\/thibaudflury.fr\/index.php?rest_route=\/wp\/v2\/pages\/216","targetHints":{"allow":["GET"]}}],"collection":[{"href":"https:\/\/thibaudflury.fr\/index.php?rest_route=\/wp\/v2\/pages"}],"about":[{"href":"https:\/\/thibaudflury.fr\/index.php?rest_route=\/wp\/v2\/types\/page"}],"author":[{"embeddable":true,"href":"https:\/\/thibaudflury.fr\/index.php?rest_route=\/wp\/v2\/users\/2"}],"replies":[{"embeddable":true,"href":"https:\/\/thibaudflury.fr\/index.php?rest_route=%2Fwp%2Fv2%2Fcomments&post=216"}],"version-history":[{"count":10,"href":"https:\/\/thibaudflury.fr\/index.php?rest_route=\/wp\/v2\/pages\/216\/revisions"}],"predecessor-version":[{"id":311,"href":"https:\/\/thibaudflury.fr\/index.php?rest_route=\/wp\/v2\/pages\/216\/revisions\/311"}],"wp:attachment":[{"href":"https:\/\/thibaudflury.fr\/index.php?rest_route=%2Fwp%2Fv2%2Fmedia&parent=216"}],"curies":[{"name":"wp","href":"https:\/\/api.w.org\/{rel}","templated":true}]}}