{"id":212,"date":"2025-05-31T15:10:50","date_gmt":"2025-05-31T13:10:50","guid":{"rendered":"https:\/\/thibaudflury.fr\/?page_id=212"},"modified":"2025-06-05T21:33:22","modified_gmt":"2025-06-05T19:33:22","slug":"29-fevrier-2024-insomnies","status":"publish","type":"page","link":"https:\/\/thibaudflury.fr\/?page_id=212","title":{"rendered":"29\u00a0f\u00e9vrier 2024. Insomnies"},"content":{"rendered":"\t\t<div data-elementor-type=\"wp-page\" data-elementor-id=\"212\" class=\"elementor elementor-212\">\n\t\t\t\t<div class=\"elementor-element elementor-element-78c49b06 e-flex e-con-boxed e-con e-parent\" data-id=\"78c49b06\" data-element_type=\"container\">\n\t\t\t\t\t<div class=\"e-con-inner\">\n\t\t\t\t<div class=\"elementor-element elementor-element-199989c elementor-widget elementor-widget-heading\" data-id=\"199989c\" data-element_type=\"widget\" data-widget_type=\"heading.default\">\n\t\t\t\t<div class=\"elementor-widget-container\">\n\t\t\t\t\t<h1 class=\"elementor-heading-title elementor-size-default\">29\u00a0f\u00e9vrier 2024. Insomnies<\/h1>\t\t\t\t<\/div>\n\t\t\t\t<\/div>\n\t\t\t\t<div class=\"elementor-element elementor-element-5a26919a elementor-widget elementor-widget-text-editor\" data-id=\"5a26919a\" data-element_type=\"widget\" data-widget_type=\"text-editor.default\">\n\t\t\t\t<div class=\"elementor-widget-container\">\n\t\t\t\t\t\t\t\t\t<h1><span style=\"color: rgb(225, 225, 225); font-family: &quot;Crimson Pro&quot;; font-size: 18px;\">&nbsp;<\/span><span style=\"color: rgb(225, 225, 225); font-family: &quot;Crimson Pro&quot;; font-size: 18px;\">J\u2019ai recompt\u00e9 plusieurs fois. Pour \u00eatre s\u00fbr. Le sommeil n\u2019est pas venu.<\/span><\/h1>\n<p><span style=\"font-family: 'Crimson Pro'; font-size: 18px;\"><!-- \/wp:paragraph --><!-- wp:paragraph --><\/span><\/p>\n<p><span style=\"font-family: 'Crimson Pro'; font-size: 18px;\">Mille&nbsp;! Peut-\u00eatre plus. \u00c7a fait une sacr\u00e9e cargaison de pr\u00e9textes, d\u2019excuses, et d\u2019arguments pour consoler un moral ab\u00eem\u00e9. Certains comptent les moutons&nbsp;; j\u2019additionne les raisons de me d\u00e9tourner de mon objectif, de m\u2019amener vers l\u2019\u00e9chec. Pour occuper mon insomnie, les mille raisons deviennent mots, les mots deviennent phrases. Sans l\u2019avoir pr\u00e9m\u00e9dit\u00e9, mon esprit d\u00e9marre un r\u00e9cit. Soit&nbsp;! Je m\u2019\u00e9clipse de la chambre assoupie pour saisir un carnet de notes.<\/span><\/p>\n<p><span style=\"font-family: 'Crimson Pro'; font-size: 18px;\"><!-- \/wp:paragraph --><!-- wp:paragraph --><\/span><\/p>\n<p><span style=\"font-family: 'Crimson Pro'; font-size: 18px;\">Le soleil se l\u00e8vera dans quelques heures. En attendant, j\u2019ouvre par ces quelques lignes le premier chapitre de ma nouvelle vie d\u2019athl\u00e8te amateur. J\u2019ai d\u00e9cid\u00e9 de consacrer, de g\u00e2cher peut-\u00eatre, six mois de ma vie \u00e0 un caprice. Un d\u00e9fi. Une obsession. <em>UTMB. <\/em>Je me prosterne devant quatre lettres qui font r\u00eaver les aventuriers de course en montagne, <em>Une Toute Mignonne Balade<\/em>.<\/span><\/p>\n<p><span style=\"font-family: 'Crimson Pro'; font-size: 18px;\"><!-- \/wp:paragraph --><!-- wp:paragraph --><\/span><\/p>\n<p><span style=\"font-family: 'Crimson Pro'; font-size: 18px;\">Il me reste 180&nbsp;jours pour pr\u00e9parer ce r\u00eave insens\u00e9. J\u2019ai forc\u00e9ment une pens\u00e9e pour mes proches. On me trouvait p\u00e9nible avant, \u00e0 raconter mes entra\u00eenements, mes courses et mes doutes&nbsp;; je m\u2019appr\u00eate \u00e0 devenir carr\u00e9ment insupportable. Pour leur \u00e9viter de subir mes \u00e9lucubrations durant les repas de famille ou \u00e0 la machine \u00e0 caf\u00e9, je consignerai mes \u00e9tats d\u2019\u00e2me sur le papier. Un chapitre par semaine, pour tenir le cap.<\/span><\/p>\n<p><span style=\"font-family: 'Crimson Pro'; font-size: 18px;\"><!-- \/wp:paragraph --><!-- wp:paragraph --><\/span><\/p>\n<p><span style=\"font-family: 'Crimson Pro'; font-size: 18px;\">Il se passera tant de choses durant le prochain semestre. Les accidents de la vie, la maladie, les blessures et toutes les choses r\u00e9ellement importantes \u00e9craseront sans vergogne mon ambition. Si, par miracle j\u2019en r\u00e9chappe, dans six mois j\u2019exposerai mon corps \u00e0 la blessure de Narcisse, un juge de paix de mes capacit\u00e9s physiques et mentales. Pour l\u2019heure, le miroir me renvoie une image implacable, celle d\u2019un touriste, pas d\u2019un coureur.<\/span><\/p>\n<p><span style=\"font-family: 'Crimson Pro'; font-size: 18px;\"><!-- \/wp:paragraph --><!-- wp:paragraph --><\/span><\/p>\n<p><span style=\"font-family: 'Crimson Pro'; font-size: 18px;\">J\u2019avais d\u00e9fi\u00e9 le toit de <em>l\u2019Europe<\/em> il y a bien longtemps&nbsp;; il m\u2019avait rejet\u00e9 avec ses rafales de blizzard. Le froid et le danger m\u2019avaient pouss\u00e9 \u00e0 faire demi-tour, 4&nbsp;500&nbsp;m\u00e8tres au-dessus du niveau de la plage, si pr\u00e8s du but.&nbsp;<\/span><\/p>\n<p><span style=\"font-family: 'Crimson Pro'; font-size: 18px;\"><!-- \/wp:paragraph --><!-- wp:paragraph --><\/span><\/p>\n<p><span style=\"font-family: 'Crimson Pro'; font-size: 18px;\">Les ann\u00e9es m\u2019ont rendu plus humble. J\u2019ai abandonn\u00e9 l\u2019id\u00e9e de vaincre un sommet. J\u2019y suis retourn\u00e9, en p\u00e8lerinage, pour faire le tour de la belle montagne. Cela m\u2019avait occup\u00e9 durant neuf jours. Par un curieux hasard du calendrier, un signe du destin, j\u2019y avais crois\u00e9 une bande de fous avec un dossard sur la poitrine. Ils couraient sur les m\u00eames sentiers, et bouclaient la promenade le temps d\u2019un week-end, pour les plus lents.<\/span><\/p>\n<p><span style=\"font-family: 'Crimson Pro'; font-size: 18px;\"><!-- \/wp:paragraph --><!-- wp:paragraph --><\/span><\/p>\n<p><span style=\"font-family: 'Crimson Pro'; font-size: 18px;\">Dix ans plus tard, j\u2019ai gagn\u00e9 mon ticket pour m\u2019embarquer dans cette folle aventure avec quantit\u00e9 de surhommes, de r\u00eaveurs et de po\u00e8tes. Je me sens petit parmi ces \u00e9lites. Si les mille raisons n\u2019ont pas fait chavirer mon audace, je franchirai la ligne d\u2019arriv\u00e9e, au terme d\u2019une odyss\u00e9e incroyable. L\u2019\u00e9preuve d\u2019une vie. Cela est vain, ridicule peut-\u00eatre. J\u2019appartiens \u00e0 cette cat\u00e9gorie de nanti qui n\u2019a pas besoin de se battre pour survivre. Ma vie de confort me renvoie, jour apr\u00e8s jour, un immense vide. J\u2019ai trouv\u00e9 ce moyen de le combler, de trouver du sens. Qu\u2019importe le statut de simple loisir, il saura me montrer mes limites et me d\u00e9couvrir.<\/span><\/p>\n<p><span style=\"font-family: 'Crimson Pro'; font-size: 18px;\"><!-- \/wp:paragraph --><!-- wp:paragraph --><\/span><\/p>\n<p><span style=\"font-family: 'Crimson Pro'; font-size: 18px;\">\u00c0 mille contre un, les probabilit\u00e9s se moquent de moi. Je serais fou d\u2019envisager le d\u00e9raisonnable. Et pourtant\u2026 J\u2019appartiens \u00e0 une curieuse vari\u00e9t\u00e9 de bip\u00e8de, celle qu\u2019on appelle l\u2019esp\u00e8ce humaine. Au contraire d\u2019autres esp\u00e8ces, les <em>Homo sapiens<\/em>, poss\u00e8dent une conscience dramatique de leur propre fin. Au bout du chemin, ne nous attendent que le froid et la mort. Malgr\u00e9 tout, on se l\u00e8ve jour apr\u00e8s jour malgr\u00e9 les \u00e9checs et les coups du sort. Depuis l\u2019aube des temps, nous carburons \u00e0 l\u2019espoir. Si je n\u2019ai qu\u2019une seule chance d\u2019arriver au bout de mon aventure,&nbsp;je dois la saisir et tenter le coup. Et m\u00eame si j\u2019\u00e9choue face \u00e0 l\u2019\u00e9preuve, j\u2019aurai rendu compte de mon odyss\u00e9e avec mes mots.<\/span><\/p>\n<p><span style=\"font-family: 'Crimson Pro'; font-size: 18px;\"><!-- \/wp:paragraph --><!-- wp:paragraph --><\/span><\/p>\n<p><span style=\"font-family: 'Crimson Pro'; font-size: 18px;\">L\u2019exercice d\u2019\u00e9criture me fascine quand il tisse les lignes du r\u00e9cit dans les filets du temps. J\u2019\u00e9cris dans cet instant pr\u00e9sent du petit matin hargneux, m\u00fb par la col\u00e8re de ne pas dormir. Je pense au lecteur, qui lira ces lignes dans un futur ind\u00e9fini. D\u00e9couvrira-t-il ce r\u00e9cit six mois plus tard, un an, ou plus&nbsp;? Tout se conjugue au pass\u00e9 pour lui, il conna\u00eet la conclusion de mon aventure.<\/span><\/p>\n<p><span style=\"font-family: 'Crimson Pro'; font-size: 18px;\"><!-- \/wp:paragraph --><!-- wp:paragraph --><\/span><\/p>\n<p><span style=\"font-family: 'Crimson Pro'; font-size: 18px;\">Je n\u2019ai pas l\u2019orgueil de penser r\u00e9diger un chef-d\u2019\u0153uvre. Juste une histoire simple, teint\u00e9e d\u2019\u00e9gocentrisme, mais racont\u00e9e avec quelque chose de pr\u00e9cieux. Toute ressemblance avec des faits et des personnages existants ou ayant exist\u00e9 ne sera pas du tout fortuite et encore moins le fruit d\u2019une pure co\u00efncidence. J\u2019offre un cadeau, un petit bout de mon \u00e2me, \u00e9tal\u00e9e sur le papier. Je vise l\u2019authentique pour raconter avec mes mots mes illusions, ma v\u00e9rit\u00e9.<\/span><\/p>\n<p><span style=\"font-family: 'Crimson Pro'; font-size: 18px;\"><!-- \/wp:paragraph --><!-- wp:paragraph --><\/span><\/p>\n<p><span style=\"font-family: 'Crimson Pro'; font-size: 18px;\">Alors oui, parfois, je me laisse aller \u00e0 bricoler des phrases, \u00e0 jouer avec la langue ou \u00e0 enfiler des figures de style. Ces efforts ne servent qu\u2019\u00e0 essayer de rendre le voyage un peu plus facile, plus confortable. J\u2019assume la maladresse, elle aussi, r\u00e9v\u00e8le une partie de moi.<\/span><\/p>\n<p><span style=\"font-family: 'Crimson Pro'; font-size: 18px;\"><!-- \/wp:paragraph --><!-- wp:paragraph --><\/span><\/p>\n<p><span style=\"font-family: 'Crimson Pro'; font-size: 18px;\">Bienvenue donc dans l\u2019intime. Quelques lignes, une poign\u00e9e de pages pour d\u00e9couvrir un homme ordinaire et banal. Un individu anonyme qui ne s\u2019interdit pas de caresser des r\u00eaves d\u2019aventures et viser l\u2019extraordinaire. Aujourd\u2019hui commence le d\u00e9but de mon parcours. D\u2019ici, on ne voit que la plaine, quelques collines paisibles, des for\u00eats enneig\u00e9es. Cependant, je sais qu\u2019au bout de la route, il ne bouge pas, il m\u2019attend. L\u2019ogre blanc rit de mon audace, peut-\u00eatre pour mieux me d\u00e9vorer.<\/span><\/p>\n<p><span style=\"font-family: 'Crimson Pro'; font-size: 18px;\"><!-- \/wp:paragraph --><!-- wp:paragraph --><\/span><\/p>\n<p><span style=\"font-family: 'Crimson Pro'; font-size: 18px;\">Les adeptes du lieu commun ass\u00e8nent que l\u2019important n\u2019est pas la destination, mais le chemin. Je leur donne volontiers raison. Chaque semaine, je consignerai par le verbe ma pr\u00e9paration physique et mes sentiments. Au milieu des baskets sales, sous les cartes et les plans d\u2019entra\u00eenement, le lecteur trouvera un canap\u00e9 moelleux. Ma caverne est le royaume de la fonte et des compl\u00e9ments alimentaires. Sportif \u00e0 mes heures, je reste surtout un s\u00e9dentaire farouche. Dans mon atelier d\u2019alchimiste, gr\u00e2ce \u00e0 ma sueur et un zeste de volont\u00e9, je distille les r\u00eaves et les cauchemars du quotidien de l\u2019entra\u00eenement.<\/span><\/p>\n<p><span style=\"font-family: 'Crimson Pro'; font-size: 18px;\"><!-- \/wp:paragraph --><!-- wp:paragraph --><\/span><\/p>\n<p><span style=\"font-family: 'Crimson Pro'; font-size: 18px;\">Alors, franchement, <em>qu\u2019est-ce que je fous l\u00e0<\/em>&nbsp;?<\/span><\/p>\n<p><span style=\"font-family: 'Crimson Pro'; font-size: 18px;\"><!-- \/wp:paragraph --><!-- wp:paragraph --><\/span><\/p>\n<p><span style=\"font-family: 'Crimson Pro'; font-size: 18px;\">Les barres rouges de ma prison d\u00e9filent sur le cadran du r\u00e9veil. L\u2019heure arrive de poser ma plume et de partir travailler. Je n\u2019ai pas encore r\u00e9pondu \u00e0 cette question qui m\u2019occupera pendant six mois.<\/span><\/p>\n<p><span style=\"font-family: 'Crimson Pro'; font-size: 18px;\"><!-- \/wp:paragraph --><!-- wp:paragraph --><\/span><\/p>\n<p><span style=\"font-family: 'Crimson Pro'; font-size: 18px;\">Voil\u00e0 tout l\u2019objet de mes textes, trouver les motivations profondes de cette folie. Celles qui me feront tenir quand j\u2019affronterai la souffrance, quand chaque cellule de mon corps me suppliera d\u2019abandonner. J\u2019esp\u00e8re y puiser la force de faire un pas de plus, puis encore un autre, jusqu\u2019\u00e0 la ligne d\u2019arriv\u00e9e.<\/span><\/p>\n<p><span style=\"font-family: 'Crimson Pro'; font-size: 18px;\"><!-- \/wp:paragraph --><!-- wp:paragraph --><\/span><\/p>\n<p><span style=\"font-family: 'Crimson Pro'; font-size: 18px;\">J\u2019\u00e9cris pour ne pas oublier. Un jour, je r\u00e9chaufferai les soirs de ma vieillesse \u00e0 la flamme de ces souvenirs. Enfin, j\u2019\u00e9cris pour mes proches, pour&nbsp; qu\u2019ils comprennent ce que repr\u00e9sente cette folie.<\/span><\/p>\n<p><span style=\"font-family: 'Crimson Pro'; font-size: 18px;\"><!-- \/wp:paragraph --><!-- wp:paragraph --><\/span><\/p>\n<p><span style=\"font-family: 'Crimson Pro'; font-size: 18px;\">Qui sait&nbsp;? J\u2019ai l\u2019orgueil de r\u00eaver d\u2019une publication. L\u2019objet livre me fascine et je veux laisser mes empreintes dans la mati\u00e8re, tracer des lignes d\u2019encre le long de pages trop blanches pour partir \u00e0 la rencontre de mon lecteur. Je gage que, dans une poign\u00e9e de pages, il aura appris \u00e0 me conna\u00eetre.<\/span><\/p>\n<p><!-- \/wp:paragraph --><!-- wp:paragraph --><\/p>\n<p><!-- \/wp:paragraph --><\/p>\t\t\t\t\t\t\t\t<\/div>\n\t\t\t\t<\/div>\n\t\t\t\t\t<\/div>\n\t\t\t\t<\/div>\n\t\t\t\t<\/div>\n\t\t","protected":false},"excerpt":{"rendered":"<p>29\u00a0f\u00e9vrier 2024. Insomnies &nbsp;J\u2019ai recompt\u00e9 plusieurs fois. Pour \u00eatre s\u00fbr. Le sommeil n\u2019est pas venu. Mille&nbsp;! Peut-\u00eatre plus. \u00c7a fait une sacr\u00e9e cargaison de pr\u00e9textes, d\u2019excuses, et d\u2019arguments pour consoler un moral ab\u00eem\u00e9. Certains comptent les moutons&nbsp;; j\u2019additionne les raisons de me d\u00e9tourner de mon objectif, de m\u2019amener vers l\u2019\u00e9chec. Pour occuper mon insomnie, les [&hellip;]<\/p>\n","protected":false},"author":2,"featured_media":0,"parent":0,"menu_order":0,"comment_status":"closed","ping_status":"closed","template":"","meta":{"_monsterinsights_skip_tracking":false,"_monsterinsights_sitenote_active":false,"_monsterinsights_sitenote_note":"","_monsterinsights_sitenote_category":0,"footnotes":""},"class_list":["post-212","page","type-page","status-publish","hentry","entry"],"_links":{"self":[{"href":"https:\/\/thibaudflury.fr\/index.php?rest_route=\/wp\/v2\/pages\/212","targetHints":{"allow":["GET"]}}],"collection":[{"href":"https:\/\/thibaudflury.fr\/index.php?rest_route=\/wp\/v2\/pages"}],"about":[{"href":"https:\/\/thibaudflury.fr\/index.php?rest_route=\/wp\/v2\/types\/page"}],"author":[{"embeddable":true,"href":"https:\/\/thibaudflury.fr\/index.php?rest_route=\/wp\/v2\/users\/2"}],"replies":[{"embeddable":true,"href":"https:\/\/thibaudflury.fr\/index.php?rest_route=%2Fwp%2Fv2%2Fcomments&post=212"}],"version-history":[{"count":25,"href":"https:\/\/thibaudflury.fr\/index.php?rest_route=\/wp\/v2\/pages\/212\/revisions"}],"predecessor-version":[{"id":308,"href":"https:\/\/thibaudflury.fr\/index.php?rest_route=\/wp\/v2\/pages\/212\/revisions\/308"}],"wp:attachment":[{"href":"https:\/\/thibaudflury.fr\/index.php?rest_route=%2Fwp%2Fv2%2Fmedia&parent=212"}],"curies":[{"name":"wp","href":"https:\/\/api.w.org\/{rel}","templated":true}]}}